{"id":240298,"date":"2025-10-06T13:45:24","date_gmt":"2025-10-06T11:45:24","guid":{"rendered":"https:\/\/gs-hude-sued.de\/?page_id=240298"},"modified":"2025-11-11T06:08:21","modified_gmt":"2025-11-11T05:08:21","slug":"dates","status":"publish","type":"page","link":"https:\/\/gs-hude-sued.de\/en\/this-is-us\/dates\/","title":{"rendered":"Dates"},"content":{"rendered":"<p>[et_pb_section fb_built=&#8220;1&#8243; _builder_version=&#8220;4.27.4&#8243; _module_preset=&#8220;default&#8220; global_colors_info=&#8220;{}&#8220;][et_pb_row column_structure=&#8220;1_2,1_2&#8243; _builder_version=&#8220;4.27.4&#8243; _module_preset=&#8220;default&#8220; custom_padding=&#8220;0px||0px||true|false&#8220; custom_css_main_element=&#8220;display: flex;||justify-content: center; ||align-items: center;||&#8220; global_colors_info=&#8220;{}&#8220; custom_css_main_element_last_edited=&#8220;on|phone&#8220; custom_css_main_element_tablet=&#8220;display: flex;||justify-content: center; ||align-items: center;||&#8220; custom_css_main_element_phone=&#8220;display: flex;||justify-content: center; ||align-items: center;||&#8220;][et_pb_column type=&#8220;1_2&#8243; _builder_version=&#8220;4.27.4&#8243; _module_preset=&#8220;default&#8220; global_colors_info=&#8220;{}&#8220;][et_pb_text _builder_version=&#8220;4.27.4&#8243; _module_preset=&#8220;default&#8220; global_colors_info=&#8220;{}&#8220;]<\/p>\n<h1>Inhalt folgt in K\u00fcrze<\/h1>\n<p>Hier entsteht in K\u00fcrze ein neuer Bereich mit spannenden Informationen rund um unsere Schule. Schauen Sie bald wieder vorbei \u2013 es lohnt sich!<\/p>\n<p>[\/et_pb_text][\/et_pb_column][et_pb_column type=&#8220;1_2&#8243; _builder_version=&#8220;4.27.4&#8243; _module_preset=&#8220;default&#8220; global_colors_info=&#8220;{}&#8220;][et_pb_image src=&#8220;https:\/\/gs-hude-sued.de\/wp-content\/uploads\/2025\/10\/Gemini_Generated_Image_lny86qlny86qlny8.png&#8220; hide_aria_element=&#8220;on&#8220; _builder_version=&#8220;4.27.4&#8243; _module_preset=&#8220;default&#8220; max_width=&#8220;300px&#8220; hover_enabled=&#8220;0&#8243; global_colors_info=&#8220;{}&#8220; alt=&#8220;Ein M\u00e4dchen mit einer Lupe in der Hand betrachtet ein Blatt mit Symbolen und Zahlen, das an eine Lern\u00fcbung erinnert. Es tr\u00e4gt ein rotes Oberteil und ein Kleid mit einem wei\u00dfen &#8218;D&#8216;.&#8220; title_text=&#8220;Lernende mit Lupe&#8220; sticky_enabled=&#8220;0&#8243;][\/et_pb_image][\/et_pb_column][\/et_pb_row][\/et_pb_section]<\/p>\n","protected":false},"excerpt":{"rendered":"<p>Inhalt folgt in K\u00fcrze Hier entsteht in K\u00fcrze ein neuer Bereich mit spannenden Informationen rund um unsere Schule. Schauen Sie bald wieder vorbei \u2013 es lohnt sich!<\/p>","protected":false},"author":1,"featured_media":240592,"parent":240090,"menu_order":0,"comment_status":"closed","ping_status":"closed","template":"","meta":{"_acf_changed":false,"_et_pb_use_builder":"on","_et_pb_old_content":"<!-- wp:divi\/placeholder \/-->","_et_gb_content_width":"","footnotes":""},"class_list":["post-240298","page","type-page","status-publish","has-post-thumbnail","hentry"],"acf":[],"yoast_head":"<!-- This site is optimized with the Yoast SEO Premium plugin v26.0 (Yoast SEO v27.0) - https:\/\/yoast.com\/product\/yoast-seo-premium-wordpress\/ -->\n<title>Grundschule Hude-S\u00fcd \u2013 Gemeinschaft, Lernen &amp; Projekte<\/title>\n<meta name=\"description\" content=\"Die Grundschule Hude-S\u00fcd f\u00f6rdert Gemeinschaft, Verantwortung und Freude am Lernen. Erfahren Sie mehr \u00fcber Schulprofil, Alltag, Projekte und wichtige Elterninfos.\" \/>\n<meta name=\"robots\" content=\"index, follow, max-snippet:-1, max-image-preview:large, max-video-preview:-1\" \/>\n<link rel=\"canonical\" href=\"https:\/\/gs-hude-sued.de\/en\/this-is-us\/dates\/\" \/>\n<meta property=\"og:locale\" content=\"en_GB\" \/>\n<meta property=\"og:type\" content=\"article\" \/>\n<meta property=\"og:title\" content=\"Termine\" \/>\n<meta property=\"og:description\" content=\"Die Grundschule Hude-S\u00fcd f\u00f6rdert Gemeinschaft, Verantwortung und Freude am Lernen. Erfahren Sie mehr \u00fcber Schulprofil, Alltag, Projekte und wichtige Elterninfos.\" \/>\n<meta property=\"og:url\" content=\"https:\/\/gs-hude-sued.de\/en\/this-is-us\/dates\/\" \/>\n<meta property=\"og:site_name\" content=\"Grundschule Hude S\u00fcd\" \/>\n<meta property=\"article:modified_time\" content=\"2025-11-11T05:08:21+00:00\" \/>\n<meta property=\"og:image\" content=\"https:\/\/gs-hude-sued.de\/wp-content\/uploads\/2025\/10\/Gemini_Generated_Image_ouiedzouiedzouie.png\" \/>\n\t<meta property=\"og:image:width\" content=\"500\" \/>\n\t<meta property=\"og:image:height\" content=\"441\" \/>\n\t<meta property=\"og:image:type\" content=\"image\/png\" \/>\n<meta name=\"twitter:card\" content=\"summary_large_image\" \/>\n<meta name=\"twitter:label1\" content=\"Estimated reading time\" \/>\n\t<meta name=\"twitter:data1\" content=\"1 minute\" \/>\n<script type=\"application\/ld+json\" class=\"yoast-schema-graph\">{\"@context\":\"https:\/\/schema.org\",\"@graph\":[{\"@type\":\"WebPage\",\"@id\":\"https:\/\/gs-hude-sued.de\/das-sind-wir\/termine\/\",\"url\":\"https:\/\/gs-hude-sued.de\/das-sind-wir\/termine\/\",\"name\":\"Grundschule Hude-S\u00fcd \u2013 Gemeinschaft, Lernen & Projekte\",\"isPartOf\":{\"@id\":\"https:\/\/gs-hude-sued.de\/#website\"},\"primaryImageOfPage\":{\"@id\":\"https:\/\/gs-hude-sued.de\/das-sind-wir\/termine\/#primaryimage\"},\"image\":{\"@id\":\"https:\/\/gs-hude-sued.de\/das-sind-wir\/termine\/#primaryimage\"},\"thumbnailUrl\":\"https:\/\/gs-hude-sued.de\/wp-content\/uploads\/2025\/10\/Gemini_Generated_Image_ouiedzouiedzouie.png\",\"datePublished\":\"2025-10-06T11:45:24+00:00\",\"dateModified\":\"2025-11-11T05:08:21+00:00\",\"description\":\"Die Grundschule Hude-S\u00fcd f\u00f6rdert Gemeinschaft, Verantwortung und Freude am Lernen. Erfahren Sie mehr \u00fcber Schulprofil, Alltag, Projekte und wichtige Elterninfos.\",\"breadcrumb\":{\"@id\":\"https:\/\/gs-hude-sued.de\/das-sind-wir\/termine\/#breadcrumb\"},\"inLanguage\":\"en-GB\",\"potentialAction\":[{\"@type\":\"ReadAction\",\"target\":[\"https:\/\/gs-hude-sued.de\/das-sind-wir\/termine\/\"]}]},{\"@type\":\"ImageObject\",\"inLanguage\":\"en-GB\",\"@id\":\"https:\/\/gs-hude-sued.de\/das-sind-wir\/termine\/#primaryimage\",\"url\":\"https:\/\/gs-hude-sued.de\/wp-content\/uploads\/2025\/10\/Gemini_Generated_Image_ouiedzouiedzouie.png\",\"contentUrl\":\"https:\/\/gs-hude-sued.de\/wp-content\/uploads\/2025\/10\/Gemini_Generated_Image_ouiedzouiedzouie.png\",\"width\":500,\"height\":441,\"caption\":\"Die Kinder repr\u00e4sentieren ein wertsch\u00e4tzendes Miteinander und zeichnen ein positives Bild der Inklusion. Ihre Haltung l\u00e4dt zu einer gemeinsamen Lernumgebung ein.\"},{\"@type\":\"BreadcrumbList\",\"@id\":\"https:\/\/gs-hude-sued.de\/das-sind-wir\/termine\/#breadcrumb\",\"itemListElement\":[{\"@type\":\"ListItem\",\"position\":1,\"name\":\"Startseite\",\"item\":\"https:\/\/gs-hude-sued.de\/\"},{\"@type\":\"ListItem\",\"position\":2,\"name\":\"Unser Schulleben\",\"item\":\"https:\/\/gs-hude-sued.de\/das-sind-wir\/\"},{\"@type\":\"ListItem\",\"position\":3,\"name\":\"Termine\"}]},{\"@type\":\"WebSite\",\"@id\":\"https:\/\/gs-hude-sued.de\/#website\",\"url\":\"https:\/\/gs-hude-sued.de\/\",\"name\":\"Grundschule Hude S\u00fcd\",\"description\":\"Grundschule Hude-S\u00fcd \u2013 Miteinander stark f\u00fcr die Zukunft.\",\"potentialAction\":[{\"@type\":\"SearchAction\",\"target\":{\"@type\":\"EntryPoint\",\"urlTemplate\":\"https:\/\/gs-hude-sued.de\/?s={search_term_string}\"},\"query-input\":{\"@type\":\"PropertyValueSpecification\",\"valueRequired\":true,\"valueName\":\"search_term_string\"}}],\"inLanguage\":\"en-GB\"}]}<\/script>\n<!-- \/ Yoast SEO Premium plugin. -->","yoast_head_json":{"title":"Hude-S\u00fcd Primary School \u2013 Community, Learning &amp; Projects","description":"Hude-S\u00fcd Primary School fosters community, responsibility, and a love of learning. Learn more about the school&#039;s profile, daily routine, projects, and important information for parents.","robots":{"index":"index","follow":"follow","max-snippet":"max-snippet:-1","max-image-preview":"max-image-preview:large","max-video-preview":"max-video-preview:-1"},"canonical":"https:\/\/gs-hude-sued.de\/en\/this-is-us\/dates\/","og_locale":"en_GB","og_type":"article","og_title":"Termine","og_description":"Die Grundschule Hude-S\u00fcd f\u00f6rdert Gemeinschaft, Verantwortung und Freude am Lernen. Erfahren Sie mehr \u00fcber Schulprofil, Alltag, Projekte und wichtige Elterninfos.","og_url":"https:\/\/gs-hude-sued.de\/en\/this-is-us\/dates\/","og_site_name":"Grundschule Hude S\u00fcd","article_modified_time":"2025-11-11T05:08:21+00:00","og_image":[{"width":500,"height":441,"url":"https:\/\/gs-hude-sued.de\/wp-content\/uploads\/2025\/10\/Gemini_Generated_Image_ouiedzouiedzouie.png","type":"image\/png"}],"twitter_card":"summary_large_image","twitter_misc":{"Estimated reading time":"1 minute"},"schema":{"@context":"https:\/\/schema.org","@graph":[{"@type":"WebPage","@id":"https:\/\/gs-hude-sued.de\/das-sind-wir\/termine\/","url":"https:\/\/gs-hude-sued.de\/das-sind-wir\/termine\/","name":"Hude-S\u00fcd Primary School \u2013 Community, Learning &amp; Projects","isPartOf":{"@id":"https:\/\/gs-hude-sued.de\/#website"},"primaryImageOfPage":{"@id":"https:\/\/gs-hude-sued.de\/das-sind-wir\/termine\/#primaryimage"},"image":{"@id":"https:\/\/gs-hude-sued.de\/das-sind-wir\/termine\/#primaryimage"},"thumbnailUrl":"https:\/\/gs-hude-sued.de\/wp-content\/uploads\/2025\/10\/Gemini_Generated_Image_ouiedzouiedzouie.png","datePublished":"2025-10-06T11:45:24+00:00","dateModified":"2025-11-11T05:08:21+00:00","description":"Hude-S\u00fcd Primary School fosters community, responsibility, and a love of learning. Learn more about the school&#039;s profile, daily routine, projects, and important information for parents.","breadcrumb":{"@id":"https:\/\/gs-hude-sued.de\/das-sind-wir\/termine\/#breadcrumb"},"inLanguage":"en-GB","potentialAction":[{"@type":"ReadAction","target":["https:\/\/gs-hude-sued.de\/das-sind-wir\/termine\/"]}]},{"@type":"ImageObject","inLanguage":"en-GB","@id":"https:\/\/gs-hude-sued.de\/das-sind-wir\/termine\/#primaryimage","url":"https:\/\/gs-hude-sued.de\/wp-content\/uploads\/2025\/10\/Gemini_Generated_Image_ouiedzouiedzouie.png","contentUrl":"https:\/\/gs-hude-sued.de\/wp-content\/uploads\/2025\/10\/Gemini_Generated_Image_ouiedzouiedzouie.png","width":500,"height":441,"caption":"Die Kinder repr\u00e4sentieren ein wertsch\u00e4tzendes Miteinander und zeichnen ein positives Bild der Inklusion. Ihre Haltung l\u00e4dt zu einer gemeinsamen Lernumgebung ein."},{"@type":"BreadcrumbList","@id":"https:\/\/gs-hude-sued.de\/das-sind-wir\/termine\/#breadcrumb","itemListElement":[{"@type":"ListItem","position":1,"name":"Startseite","item":"https:\/\/gs-hude-sued.de\/"},{"@type":"ListItem","position":2,"name":"Unser Schulleben","item":"https:\/\/gs-hude-sued.de\/das-sind-wir\/"},{"@type":"ListItem","position":3,"name":"Termine"}]},{"@type":"WebSite","@id":"https:\/\/gs-hude-sued.de\/#website","url":"https:\/\/gs-hude-sued.de\/","name":"Hude South Primary School","description":"Hude-S\u00fcd Primary School \u2013 Strong together for the future.","potentialAction":[{"@type":"SearchAction","target":{"@type":"EntryPoint","urlTemplate":"https:\/\/gs-hude-sued.de\/?s={search_term_string}"},"query-input":{"@type":"PropertyValueSpecification","valueRequired":true,"valueName":"search_term_string"}}],"inLanguage":"en-GB"}]}},"_links":{"self":[{"href":"https:\/\/gs-hude-sued.de\/en\/wp-json\/wp\/v2\/pages\/240298","targetHints":{"allow":["GET"]}}],"collection":[{"href":"https:\/\/gs-hude-sued.de\/en\/wp-json\/wp\/v2\/pages"}],"about":[{"href":"https:\/\/gs-hude-sued.de\/en\/wp-json\/wp\/v2\/types\/page"}],"author":[{"embeddable":true,"href":"https:\/\/gs-hude-sued.de\/en\/wp-json\/wp\/v2\/users\/1"}],"replies":[{"embeddable":true,"href":"https:\/\/gs-hude-sued.de\/en\/wp-json\/wp\/v2\/comments?post=240298"}],"version-history":[{"count":5,"href":"https:\/\/gs-hude-sued.de\/en\/wp-json\/wp\/v2\/pages\/240298\/revisions"}],"predecessor-version":[{"id":240856,"href":"https:\/\/gs-hude-sued.de\/en\/wp-json\/wp\/v2\/pages\/240298\/revisions\/240856"}],"up":[{"embeddable":true,"href":"https:\/\/gs-hude-sued.de\/en\/wp-json\/wp\/v2\/pages\/240090"}],"wp:featuredmedia":[{"embeddable":true,"href":"https:\/\/gs-hude-sued.de\/en\/wp-json\/wp\/v2\/media\/240592"}],"wp:attachment":[{"href":"https:\/\/gs-hude-sued.de\/en\/wp-json\/wp\/v2\/media?parent=240298"}],"curies":[{"name":"wp","href":"https:\/\/api.w.org\/{rel}","templated":true}]}}

<p>[et_pb_section fb_built=&#8220;1&#8243; _builder_version=&#8220;4.27.4&#8243; _module_preset=&#8220;default&#8220; global_colors_info=&#8220;{}&#8220;][et_pb_row column_structure=&#8220;1_2,1_2&#8243; _builder_version=&#8220;4.27.4&#8243; _module_preset=&#8220;default&#8220; custom_padding=&#8220;0px||0px||true|false&#8220; custom_css_main_element=&#8220;display: flex;||justify-content: center; ||align-items: center;||&#8220; global_colors_info=&#8220;{}&#8220; custom_css_main_element_last_edited=&#8220;on|phone&#8220; custom_css_main_element_tablet=&#8220;display: flex;||justify-content: center; ||align-items: center;||&#8220; custom_css_main_element_phone=&#8220;display: flex;||justify-content: center; ||align-items: center;||&#8220;][et_pb_column type=&#8220;1_2&#8243; _builder_version=&#8220;4.27.4&#8243; _module_preset=&#8220;default&#8220; global_colors_info=&#8220;{}&#8220;][et_pb_text _builder_version=&#8220;4.27.4&#8243; _module_preset=&#8220;default&#8220; global_colors_info=&#8220;{}&#8220;]</p>
<h1>Inhalt folgt in Kürze</h1>
<p>Hier entsteht in Kürze ein neuer Bereich mit spannenden Informationen rund um unsere Schule. Schauen Sie bald wieder vorbei – es lohnt sich!</p>
<p>[/et_pb_text][/et_pb_column][et_pb_column type=&#8220;1_2&#8243; _builder_version=&#8220;4.27.4&#8243; _module_preset=&#8220;default&#8220; global_colors_info=&#8220;{}&#8220;][et_pb_image src=&#8220;https://gs-hude-sued.de/wp-content/uploads/2025/10/Gemini_Generated_Image_lny86qlny86qlny8.png&#8220; hide_aria_element=&#8220;on&#8220; _builder_version=&#8220;4.27.4&#8243; _module_preset=&#8220;default&#8220; max_width=&#8220;300px&#8220; hover_enabled=&#8220;0&#8243; global_colors_info=&#8220;{}&#8220; alt=&#8220;Ein Mädchen mit einer Lupe in der Hand betrachtet ein Blatt mit Symbolen und Zahlen, das an eine Lernübung erinnert. Es trägt ein rotes Oberteil und ein Kleid mit einem weißen &#8218;D&#8216;.&#8220; title_text=&#8220;Lernende mit Lupe&#8220; sticky_enabled=&#8220;0&#8243;][/et_pb_image][/et_pb_column][/et_pb_row][/et_pb_section]</p>

<p>Inhalt folgt in Kürze Hier entsteht in Kürze ein neuer Bereich mit spannenden Informationen rund um unsere Schule. Schauen Sie bald wieder vorbei – es lohnt sich!</p>

<!-- This site is optimized with the Yoast SEO Premium plugin v26.0 (Yoast SEO v27.0) - https://yoast.com/product/yoast-seo-premium-wordpress/ -->
<title>Grundschule Hude-Süd – Gemeinschaft, Lernen &amp; Projekte</title>
<meta name="description" content="Die Grundschule Hude-Süd fördert Gemeinschaft, Verantwortung und Freude am Lernen. Erfahren Sie mehr über Schulprofil, Alltag, Projekte und wichtige Elterninfos." />
<meta name="robots" content="index, follow, max-snippet:-1, max-image-preview:large, max-video-preview:-1" />
<link rel="canonical" href="https://gs-hude-sued.de/en/this-is-us/dates/" />
<meta property="og:locale" content="en_GB" />
<meta property="og:type" content="article" />
<meta property="og:title" content="Termine" />
<meta property="og:description" content="Die Grundschule Hude-Süd fördert Gemeinschaft, Verantwortung und Freude am Lernen. Erfahren Sie mehr über Schulprofil, Alltag, Projekte und wichtige Elterninfos." />
<meta property="og:url" content="https://gs-hude-sued.de/en/this-is-us/dates/" />
<meta property="og:site_name" content="Grundschule Hude Süd" />
<meta property="article:modified_time" content="2025-11-11T05:08:21+00:00" />
<meta property="og:image" content="https://gs-hude-sued.de/wp-content/uploads/2025/10/Gemini_Generated_Image_ouiedzouiedzouie.png" />
	<meta property="og:image:width" content="500" />
	<meta property="og:image:height" content="441" />
	<meta property="og:image:type" content="image/png" />
<meta name="twitter:card" content="summary_large_image" />
<meta name="twitter:label1" content="Estimated reading time" />
	<meta name="twitter:data1" content="1 minute" />
<script type="application/ld+json" class="yoast-schema-graph">{"@context":"https://schema.org","@graph":[{"@type":"WebPage","@id":"https://gs-hude-sued.de/das-sind-wir/termine/","url":"https://gs-hude-sued.de/das-sind-wir/termine/","name":"Grundschule Hude-Süd – Gemeinschaft, Lernen & Projekte","isPartOf":{"@id":"https://gs-hude-sued.de/#website"},"primaryImageOfPage":{"@id":"https://gs-hude-sued.de/das-sind-wir/termine/#primaryimage"},"image":{"@id":"https://gs-hude-sued.de/das-sind-wir/termine/#primaryimage"},"thumbnailUrl":"https://gs-hude-sued.de/wp-content/uploads/2025/10/Gemini_Generated_Image_ouiedzouiedzouie.png","datePublished":"2025-10-06T11:45:24+00:00","dateModified":"2025-11-11T05:08:21+00:00","description":"Die Grundschule Hude-Süd fördert Gemeinschaft, Verantwortung und Freude am Lernen. Erfahren Sie mehr über Schulprofil, Alltag, Projekte und wichtige Elterninfos.","breadcrumb":{"@id":"https://gs-hude-sued.de/das-sind-wir/termine/#breadcrumb"},"inLanguage":"en-GB","potentialAction":[{"@type":"ReadAction","target":["https://gs-hude-sued.de/das-sind-wir/termine/"]}]},{"@type":"ImageObject","inLanguage":"en-GB","@id":"https://gs-hude-sued.de/das-sind-wir/termine/#primaryimage","url":"https://gs-hude-sued.de/wp-content/uploads/2025/10/Gemini_Generated_Image_ouiedzouiedzouie.png","contentUrl":"https://gs-hude-sued.de/wp-content/uploads/2025/10/Gemini_Generated_Image_ouiedzouiedzouie.png","width":500,"height":441,"caption":"Die Kinder repräsentieren ein wertschätzendes Miteinander und zeichnen ein positives Bild der Inklusion. Ihre Haltung lädt zu einer gemeinsamen Lernumgebung ein."},{"@type":"BreadcrumbList","@id":"https://gs-hude-sued.de/das-sind-wir/termine/#breadcrumb","itemListElement":[{"@type":"ListItem","position":1,"name":"Startseite","item":"https://gs-hude-sued.de/"},{"@type":"ListItem","position":2,"name":"Unser Schulleben","item":"https://gs-hude-sued.de/das-sind-wir/"},{"@type":"ListItem","position":3,"name":"Termine"}]},{"@type":"WebSite","@id":"https://gs-hude-sued.de/#website","url":"https://gs-hude-sued.de/","name":"Grundschule Hude Süd","description":"Grundschule Hude-Süd – Miteinander stark für die Zukunft.","potentialAction":[{"@type":"SearchAction","target":{"@type":"EntryPoint","urlTemplate":"https://gs-hude-sued.de/?s={search_term_string}"},"query-input":{"@type":"PropertyValueSpecification","valueRequired":true,"valueName":"search_term_string"}}],"inLanguage":"en-GB"}]}</script>
<!-- / Yoast SEO Premium plugin. -->

Hude-Süd Primary School – Community, Learning &amp; Projects

Hude-Süd Primary School fosters community, responsibility, and a love of learning. Learn more about the school&#039;s profile, daily routine, projects, and important information for parents.

Die Grundschule Hude-Süd fördert Gemeinschaft, Verantwortung und Freude am Lernen. Erfahren Sie mehr über Schulprofil, Alltag, Projekte und wichtige Elterninfos.

Grundschule Hude Süd

Die Kinder repräsentieren ein wertschätzendes Miteinander und zeichnen ein positives Bild der Inklusion. Ihre Haltung lädt zu einer gemeinsamen Lernumgebung ein.

Hude-Süd Primary School – Strong together for the future.
